6 a factor of 802160?
True
Is 29 a factor of 145522?
True
Is 281689 a multiple of 80?
False
Does 36 divide 165295?
False
Does 154 divide 46316?
False
Does 439 divide 2302628?
False
Does 13 divide 33814?
False
Does 54 divide 84700?
False
Is 4364794 a multiple of 334?
False
Is 192115 a multiple of 385?
True
Is 13448 a multiple of 4?
True
Does 187 divide 5557640?
True
Is 481 a factor of 2684461?
True
Is 48 a factor of 62016?
True
Is 511 a factor of 272963?
False
Is 8 a factor of 2587113?
False
Is 22393628 a multiple of 1058?
True
Is 174413 a multiple of 253?
False
Is 20 a factor of 118828?
False
Does 12 divide 81816?
True
Is 11660366 a multiple of 1031?
False
Does 65 divide 194025?
True
Is 2082216 a multiple of 140?
False
Does 30 divide 291595?
False
Is 207564 a multiple of 14?
True
Is 1332476 a multiple of 358?
True
Is 753827 even?
False
Does 169 divide 676845?
True
Does 31 divide 1320576?
False
Is 141 a factor of 11706568?
False
Is 1543852 a multiple of 92?
True
Is 55 a factor of 18557991?
False
Is 5429382 a multiple of 507?
False
Does 12 divide 735540?
True
Is 88681 a multiple of 3?
False
Is 199 a factor of 799587?
False
Is 118465 a multiple of 29?
True
Is 72 a factor of 14978520?
True
Does 90 divide 2073423?
False
Does 138 divide 1899846?
True
Does 14 divide 439726?
True
Does 36 divide 534924?
True
Is 34 a factor of 5472470?
True
Does 385 divide 8618610?
True
Is 273 a factor of 55965?
True
Is 568805 a multiple of 262?
False
Is 233772 a multiple of 161?
True
Does 12 divide 586324?
False
Is 367 a factor of 1157885?
True
Is 2361 a factor of 19760596?
False
Does 4 divide 143687?
False
Is 1279405 a multiple of 404?
False
Does 37 divide 420098?
True
Does 525 divide 71573?
False
Is 671892 a multiple of 118?
True
Is 24 a factor of 2480784?
True
Is 37552 a multiple of 16?
True
Is 307749 a multiple of 19?
False
Is 434 a factor of 749084?
True
Is 253601 a multiple of 582?
False
Does 51 divide 189057?
True
Is 176 a factor of 252118?
False
Is 40 a factor of 185306?
False
Is 13 a factor of 1092885?
False
Does 772 divide 14719724?
True
Is 81911 a multiple of 33?
False
Is 520 a factor of 1564529?
False
Is 156 a factor of 93756?
True
Is 3472620 a multiple of 1867?
True
Does 50 divide 31519649?
False
Is 292 a factor of 3662556?
True
Is 28 a factor of 252389?
False
Is 115079 a multiple of 12?
False
Is 888810 a multiple of 15?
True
Is 2512776 a multiple of 21?
True
Is 155 a factor of 837344?
False
Is 31 a factor of 33164?
False
Does 898 divide 1777444?
False
Is 25 a factor of 207213?
False
Is 7 a factor of 12909?
False
Is 175 a factor of 4584825?
True
Is 3949010 a multiple of 37?
True
Is 115380 a multiple of 45?
True
Is 2 a factor of 155434?
True
Is 43 a factor of 5325636?
True
Does 6 divide 45940?
False
Is 14 a factor of 113429?
False
Does 25 divide 6877225?
True
Does 46 divide 2002410?
False
Is 64 a factor of 366976?
True
Is 24 a factor of 109344?
True
Does 123 divide 148848?
False
Does 28 divide 173096?
True
Is 958290 a multiple of 305?
False
Is 499411 a multiple of 50?
False
Is 57 a factor of 8175437?
False
Is 21802462 a multiple of 102?
False
Is 69 a factor of 3882?
False
Does 119 divide 1579394?
False
Is 77334 a multiple of 11?
False
Is 42 a factor of 28397?
False
Does 31 divide 27827?
False
Is 4 a factor of 428361?
False
Is 6313914 a multiple of 202?
True
Does 66 divide 41052?
True
Is 313044 a multiple of 13?
False
Is 24152 a multiple of 13?
False
Is 3069826 a multiple of 34?
True
Is 19869 a multiple of 32?
False
Is 8 a factor of 3886624?
True
Does 7 divide 285278?
True
Does 6 divide 443502?
True
Is 63168 a multiple of 7?
True
Is 103362 a multiple of 107?
True
Does 30 divide 90090?
True
Does 28 divide 84119?
False
Is 10 a factor of 354820?
True
Is 72 a factor of 490320?
True
Is 18548900 a multiple of 32?
False
Is 71438 a multiple of 9?
False
Is 5255 a multiple of 3?
False
Is 36989 a multiple of 9?
False
Does 16 divide 2624?
True
Is 5 a factor of 806920?
True
Is 6459587 a multiple of 307?
True
Does 5 divide 5524805?
True
Is 4 a factor of 5469247?
False
Does 86 divide 20382000?
True
Is 2821880 a multiple of 380?
True
Is 336365 a multiple of 23?
False
Does 165 divide 965639?
False
Is 34073 a multiple of 17?
False
Is 12 a factor of 227287?
False
Is 380448 a multiple of 4?
True
Does 438 divide 3344241?
False
Is 720303 a multiple of 28?
False
Is 2 a factor of 44133?
False
Does 26 divide 60051?
False
Is 11 a factor of 118503?
True
Is 44811 a multiple of 22?
False
Is 549224 a multiple of 104?
True
Is 134 a factor of 491291?
False
Does 68 divide 60112?
True
Does 46 divide 29072?
True
Is 1297 a factor of 10523858?
True
Is 63896 a multiple of 36?
False
Is 29 a factor of 986?
True
Does 8 divide 246709?
False
Is 60 a factor of 37380?
True
Is 1022536 a multiple of 10?
False
Is 1721 a factor of 6083274?
False
Is 10278702 a multiple of 434?
False
Is 17 a factor of 3504423?
False
Does 1316 divide 9267522?
False
Is 211 a factor of 1730200?
True
Is 18 a factor of 971535?
False
Does 15 divide 4172415?
True
Does 80 divide 894160?
True
Is 5 a factor of 853730?
True
Is 158 a multiple of 65?
False
Is 190 a factor of 3467880?
True
Is 1051899 a multiple of 115?
False
Is 58 a factor of 521312?
False
Is 88 a factor of 52536?
True
Is 269 a factor of 1411981?
True
Is 73 a factor of 101178?
True
Is 3 a factor of 359100?
True
Does 27 divide 92610?
True
Is 327840 a multiple of 96?
True
Is 30 a factor of 7979790?
True
Is 3816342 a multiple of 29?
True
Does 20 divide 3400270?
False
Does 127 divide 29972?
True
Is 180257 a multiple of 11?
True
Does 266 divide 267064?
True
Is 448840 a multiple of 28?
True
Is 104500 a multiple of 50?
True
Does 15 divide 46742?
False
Does 26 divide 17394?
True
Is 1104735 a multiple of 47?
True
Is 302 a factor of 759904?
False
Is 421 a factor of 4331248?
True
Is 10 a factor of 33492?
False
Is 5174245 a multiple of 68?
False
Does 21 divide 622272?
True
Is 1585566 a multiple of 26?
False
Does 25 divide 168500?
True
Does 24 divide 22157?
False
Does 101 divide 197542?
False
Is 637076 a multiple of 59?
False
Is 2241434 a multiple of 736?
False
Does 2 divide 10384?
True
Is 49825 a multiple of 3?
False
Does 199 divide 423536?
False
Is 736483 a multiple of 41?
True
Does 12 divide 11931?
False
Is 23820 a multiple of 10?
True
Is 47305 a multiple of 74?
False
Does 387 divide 135183?
False
Does 161 divide 129605?
True
Is 355737 a multiple of 79?
True
Is 34513 a multiple of 26?
False
Does 72 divide 437642?
False
Does 1035 divide 2937247?
False
Does 66 divide 139524?
True
Does 61 divide 12782?
False
Does 17 divide 27540?
True
Is 16 a factor of 433104?
True
Does 1003 divide 4214745?
False
Is 37 a factor of 72298?
True
Does 10 divide 6669672?
False
Does 607 divide 5376806?
True
Is 2350584 a multiple of 283?
False
Does 14 divide 563782?
False
Does 13 divide 3811037?
False
Is 475548 a multiple of 92?
True
Does 261 divide 297279?
True
Does 121 divide 6488707?
False
Does 600 divide 1162093?
False
Does 43 divide 127751?
False
Is 10343306 a multiple of 152?
False
Does 1300 divide 479700?
True
Is 138403 a multiple of 8?
False
Is 481 a factor of 2021345?
False
Is 1767888 a multiple of 48?
True
Is 1172872 a multiple of 21?
False
Does 26 divide 1292382?
True
Is 31 a factor of 14727671?
False
Does 184 divide 134901?
False
Does 5 divide 226245?
True
Does 566 divide 1685174?
False
Does 37 divide 94942?
True
Is 3476088 a multiple of 252?
True
Is 117 a factor of 875667?
False
Is 79757 a multiple of 11?
False
Does 112 divide 382704?
True
Is 9 a factor of 828764?
False
Does 909 divide 672835?
False
Is 815354 a multiple of 28?
False
Does 218 divide 2379069?
False
Does 250 divide 689041?
False
Does 374 divide 199716?
True
Does 868 divide 3251737?
False
Is 218 a factor of 405916?
True
Is 267510 a multiple of 54?
False
Is 63 a factor of 8593389?
True
Is 431856 a multiple of 72?
True
Does 259 divide 355701?
False
Is 84 a factor of 6073642?
False
Does 52 divide 294476?
True
Is 11 a factor of 12991?
True
Is 40 a factor of 1167560?
True
Is 284 a factor of 1251668?
False
Is 544 a factor of 2476832?
True
Is 12091653 a multiple of 105?
False
Does 10 divide 2032610?
True
Is 2696999 a multiple of 273?
False
Is 1985640 a multiple of 20?
True
Is 2681629 even?
False
Is 5391455 a multiple of 133?
False
Is 